{"id":123365294282,"date":"2023-05-22T20:25:40","date_gmt":"2023-05-23T00:25:40","guid":{"rendered":"https:\/\/www.dominicanproductsshop.com\/shop\/?post_type=product&#038;p=123365294282"},"modified":"2025-11-08T22:33:34","modified_gmt":"2025-11-09T02:33:34","slug":"viternum-complex-20-capsulas","status":"publish","type":"product","link":"https:\/\/www.dominicanproductsshop.com\/shop\/product\/viternum-complex-20-capsulas\/","title":{"rendered":"Viternum Complex &#8211; Suplemento Multivitam\u00ednico (20 C\u00e1psulas)\u200b"},"content":{"rendered":"<blockquote>\n<p class=\"\" data-start=\"422\" data-end=\"503\"><span class=\"relative -mx-px my-[-0.2rem] rounded px-px py-[0.2rem] transition-colors duration-100 ease-in-out\"><strong data-start=\"0\" data-end=\"58\" data-is-last-node=\"\" data-is-only-node=\"\">Revitaliza tu Energ\u00eda y Bienestar con Viternum Complex<\/strong><\/span>\u200b<\/p>\n<\/blockquote>\n<p class=\"\" data-start=\"505\" data-end=\"662\"><span class=\"relative -mx-px my-[-0.2rem] rounded px-px py-[0.2rem] transition-colors duration-100 ease-in-out\">Viternum Complex es un suplemento multi vitam\u00ednico dise\u00f1ado para estimular el apetito y combatir la anorexia en ni\u00f1os y adultos.<\/span> <span class=\"relative -mx-px my-[-0.2rem] rounded px-px py-[0.2rem] transition-colors duration-100 ease-in-out\">Ideal para personas en recuperaci\u00f3n post-infecciosa, convalecencia o estados de debilidad general.<\/span> <span class=\"relative -mx-px my-[-0.2rem] rounded px-px py-[0.2rem] transition-colors duration-100 ease-in-out\">Cada c\u00e1psula contiene una combinaci\u00f3n equilibrada de vitaminas esenciales que contribuyen a mejorar el estado nutricional y promover la vitalidad.<\/span><\/p>\n<p class=\"\" data-start=\"664\" data-end=\"685\"><strong data-start=\"664\" data-end=\"685\">Beneficios Clave:<\/strong><\/p>\n<ul data-start=\"687\" data-end=\"1028\">\n<li class=\"\" data-start=\"687\" data-end=\"799\">\n<p class=\"\" data-start=\"689\" data-end=\"799\"><strong data-start=\"689\" data-end=\"713\">Estimula el apetito:<\/strong> <span class=\"relative -mx-px my-[-0.2rem] rounded px-px py-[0.2rem] transition-colors duration-100 ease-in-out\">Ayuda en el tratamiento de diversos tipos de anorexia, especialmente en ni\u00f1os con desnutrici\u00f3n o p\u00e9rdida de peso.<\/span>\u200b<\/p>\n<\/li>\n<li class=\"\" data-start=\"800\" data-end=\"917\">\n<p class=\"\" data-start=\"802\" data-end=\"917\"><strong data-start=\"802\" data-end=\"831\">Apoyo en la recuperaci\u00f3n:<\/strong> <span class=\"relative -mx-px my-[-0.2rem] rounded px-px py-[0.2rem] transition-colors duration-100 ease-in-out\">\u00datil en situaciones de convalecencia post-infecciosa, astenia y distrofias.<\/span>\u200b<\/p>\n<\/li>\n<li class=\"\" data-start=\"918\" data-end=\"1028\">\n<p class=\"\" data-start=\"920\" data-end=\"1028\"><strong data-start=\"920\" data-end=\"942\">F\u00e1cil de consumir:<\/strong> <span class=\"relative -mx-px my-[-0.2rem] rounded px-px py-[0.2rem] transition-colors duration-100 ease-in-out\">Presentaci\u00f3n en c\u00e1psulas para una dosificaci\u00f3n precisa y c\u00f3moda.<\/span>\u200b<\/p>\n<\/li>\n<\/ul>\n<p class=\"\" data-start=\"1030\" data-end=\"1046\"><strong data-start=\"1030\" data-end=\"1046\">Modo de Uso:<\/strong><\/p>\n<p class=\"\" data-start=\"1048\" data-end=\"1133\"><span class=\"relative -mx-px my-[-0.2rem] rounded px-px py-[0.2rem] transition-colors duration-100 ease-in-out\">Tomar una c\u00e1psula al d\u00eda o seg\u00fan indicaci\u00f3n m\u00e9dica.<\/span>\u200b<\/p>\n<p class=\"\" data-start=\"1135\" data-end=\"1161\"><strong data-start=\"1135\" data-end=\"1161\">Contenido del Paquete:<\/strong><\/p>\n<ul data-start=\"1163\" data-end=\"1250\">\n<li class=\"\" data-start=\"1163\" data-end=\"1250\">\n<p class=\"\" data-start=\"1165\" data-end=\"1250\"><span class=\"relative -mx-px my-[-0.2rem] rounded px-px py-[0.2rem] transition-colors duration-100 ease-in-out\">Una caja con 20 c\u00e1psulas de Viternum Complex.<\/span>\u200b<\/p>\n<\/li>\n<\/ul>\n<p class=\"\" data-start=\"1252\" data-end=\"1278\"><strong data-start=\"1252\" data-end=\"1278\">Env\u00edo R\u00e1pido y Seguro:<\/strong><\/p>\n<ul data-start=\"1280\" data-end=\"1607\">\n<li class=\"\" data-start=\"1280\" data-end=\"1389\">\n<p class=\"\" data-start=\"1282\" data-end=\"1389\"><strong data-start=\"1282\" data-end=\"1303\">Tiempo de manejo:<\/strong> <span class=\"relative -mx-px my-[-0.2rem] rounded px-px py-[0.2rem] transition-colors duration-100 ease-in-out\">Env\u00edo al siguiente d\u00eda h\u00e1bil.<\/span>\u200b<\/p>\n<\/li>\n<li class=\"\" data-start=\"1390\" data-end=\"1494\">\n<p class=\"\" data-start=\"1392\" data-end=\"1494\"><strong data-start=\"1392\" data-end=\"1408\">Seguimiento:<\/strong> <span class=\"relative -mx-px my-[-0.2rem] rounded px-px py-[0.2rem] transition-colors duration-100 ease-in-out\">Proporcionamos c\u00f3digo de rastreo para que sepas d\u00f3nde est\u00e1 tu pedido en todo momento.<\/span>\u200b<\/p>\n<\/li>\n<li class=\"\" data-start=\"1495\" data-end=\"1607\">\n<p class=\"\" data-start=\"1497\" data-end=\"1607\"><strong data-start=\"1497\" data-end=\"1521\">Empaque profesional:<\/strong> <span class=\"relative -mx-px my-[-0.2rem] rounded px-px py-[0.2rem] transition-colors duration-100 ease-in-out\">Productos sellados y embalaje cuidadoso para proteger los art\u00edculos.<\/span><\/p>\n<\/li>\n<\/ul>\n<p class=\"\" data-start=\"1609\" data-end=\"1636\"><strong data-start=\"1609\" data-end=\"1636\">Atenci\u00f3n Personalizada:<\/strong><\/p>\n<p class=\"\" data-start=\"1638\" data-end=\"1763\"><span class=\"relative -mx-px my-[-0.2rem] rounded px-px py-[0.2rem] transition-colors duration-100 ease-in-out\">Estamos disponibles para responder cualquier pregunta o inquietud.<\/span> <span class=\"relative -mx-px my-[-0.2rem] rounded px-px py-[0.2rem] transition-colors duration-100 ease-in-out\">Cont\u00e1ctanos en cualquier momento para asistencia personalizada.<\/span>\u200b<\/p>\n<a class=\"synved-social-button synved-social-button-share synved-social-size-32 synved-social-resolution-single synved-social-provider-facebook nolightbox\" data-provider=\"facebook\" target=\"_blank\" rel=\"nofollow\" title=\"Share on Facebook\" href=\"http:\/\/www.facebook.com\/sharer.php?u=https%3A%2F%2Fwww.dominicanproductsshop.com%2Fshop%2Fwp-json%2Fwp%2Fv2%2Fproduct%2F123365294282&#038;t=Viternum%20Complex%20%E2%80%93%20Suplemento%20Multivitam%C3%ADnico%20%2820%20C%C3%A1psulas%29%E2%80%8B&#038;s=100&#038;p&#091;url&#093;=https%3A%2F%2Fwww.dominicanproductsshop.com%2Fshop%2Fwp-json%2Fwp%2Fv2%2Fproduct%2F123365294282&#038;p&#091;images&#093;&#091;0&#093;=https%3A%2F%2Fi0.wp.com%2Fwww.dominicanproductsshop.com%2Fshop%2Fwp-content%2Fuploads%2F2023%2F05%2Fviternum-caja.png%3Ffit%3D756%252C641%26ssl%3D1&#038;p&#091;title&#093;=Viternum%20Complex%20%E2%80%93%20Suplemento%20Multivitam%C3%ADnico%20%2820%20C%C3%A1psulas%29%E2%80%8B\" style=\"font-size: 0px;width:32px;height:32px;margin:0;margin-bottom:5px;margin-right:5px\"><img data-recalc-dims=\"1\" loading=\"lazy\" decoding=\"async\" alt=\"Facebook\" title=\"Share on Facebook\" class=\"synved-share-image synved-social-image synved-social-image-share\" width=\"32\" height=\"32\" style=\"display: inline;width:32px;height:32px;margin: 0;padding: 0;border: none;box-shadow: none\" src=\"https:\/\/i0.wp.com\/www.dominicanproductsshop.com\/shop\/wp-content\/plugins\/social-media-feather\/synved-social\/image\/social\/regular\/64x64\/facebook.png?resize=32%2C32&#038;ssl=1\" \/><\/a><a class=\"synved-social-button synved-social-button-share synved-social-size-32 synved-social-resolution-single synved-social-provider-twitter nolightbox\" data-provider=\"twitter\" target=\"_blank\" rel=\"nofollow\" title=\"Share on Twitter\" href=\"http:\/\/twitter.com\/share?url=https%3A%2F%2Fwww.dominicanproductsshop.com%2Fshop%2Fwp-json%2Fwp%2Fv2%2Fproduct%2F123365294282&#038;text=Hey%20check%20this%20out\" style=\"font-size: 0px;width:32px;height:32px;margin:0;margin-bottom:5px;margin-right:5px\"><img data-recalc-dims=\"1\" loading=\"lazy\" decoding=\"async\" alt=\"twitter\" title=\"Share on Twitter\" class=\"synved-share-image synved-social-image synved-social-image-share\" width=\"32\" height=\"32\" style=\"display: inline;width:32px;height:32px;margin: 0;padding: 0;border: none;box-shadow: none\" src=\"https:\/\/i0.wp.com\/www.dominicanproductsshop.com\/shop\/wp-content\/plugins\/social-media-feather\/synved-social\/image\/social\/regular\/64x64\/twitter.png?resize=32%2C32&#038;ssl=1\" \/><\/a><a class=\"synved-social-button synved-social-button-share synved-social-size-32 synved-social-resolution-single synved-social-provider-reddit nolightbox\" data-provider=\"reddit\" target=\"_blank\" rel=\"nofollow\" title=\"Share on Reddit\" href=\"https:\/\/www.reddit.com\/submit?url=https%3A%2F%2Fwww.dominicanproductsshop.com%2Fshop%2Fwp-json%2Fwp%2Fv2%2Fproduct%2F123365294282&#038;title=Viternum%20Complex%20%E2%80%93%20Suplemento%20Multivitam%C3%ADnico%20%2820%20C%C3%A1psulas%29%E2%80%8B\" style=\"font-size: 0px;width:32px;height:32px;margin:0;margin-bottom:5px;margin-right:5px\"><img data-recalc-dims=\"1\" loading=\"lazy\" decoding=\"async\" alt=\"reddit\" title=\"Share on Reddit\" class=\"synved-share-image synved-social-image synved-social-image-share\" width=\"32\" height=\"32\" style=\"display: inline;width:32px;height:32px;margin: 0;padding: 0;border: none;box-shadow: none\" src=\"https:\/\/i0.wp.com\/www.dominicanproductsshop.com\/shop\/wp-content\/plugins\/social-media-feather\/synved-social\/image\/social\/regular\/64x64\/reddit.png?resize=32%2C32&#038;ssl=1\" \/><\/a><a class=\"synved-social-button synved-social-button-share synved-social-size-32 synved-social-resolution-single synved-social-provider-pinterest nolightbox\" data-provider=\"pinterest\" target=\"_blank\" rel=\"nofollow\" title=\"Pin it with Pinterest\" href=\"https:\/\/pinterest.com\/pin\/create\/button\/?url=https%3A%2F%2Fwww.dominicanproductsshop.com%2Fshop%2Fwp-json%2Fwp%2Fv2%2Fproduct%2F123365294282&#038;media=https%3A%2F%2Fi0.wp.com%2Fwww.dominicanproductsshop.com%2Fshop%2Fwp-content%2Fuploads%2F2023%2F05%2Fviternum-caja.png%3Ffit%3D756%252C641%26ssl%3D1&#038;description=Viternum%20Complex%20%E2%80%93%20Suplemento%20Multivitam%C3%ADnico%20%2820%20C%C3%A1psulas%29%E2%80%8B\" style=\"font-size: 0px;width:32px;height:32px;margin:0;margin-bottom:5px;margin-right:5px\"><img data-recalc-dims=\"1\" loading=\"lazy\" decoding=\"async\" alt=\"pinterest\" title=\"Pin it with Pinterest\" class=\"synved-share-image synved-social-image synved-social-image-share\" width=\"32\" height=\"32\" style=\"display: inline;width:32px;height:32px;margin: 0;padding: 0;border: none;box-shadow: none\" src=\"https:\/\/i0.wp.com\/www.dominicanproductsshop.com\/shop\/wp-content\/plugins\/social-media-feather\/synved-social\/image\/social\/regular\/64x64\/pinterest.png?resize=32%2C32&#038;ssl=1\" \/><\/a><a class=\"synved-social-button synved-social-button-share synved-social-size-32 synved-social-resolution-single synved-social-provider-linkedin nolightbox\" data-provider=\"linkedin\" target=\"_blank\" rel=\"nofollow\" title=\"Share on Linkedin\" href=\"https:\/\/www.linkedin.com\/shareArticle?mini=true&#038;url=https%3A%2F%2Fwww.dominicanproductsshop.com%2Fshop%2Fwp-json%2Fwp%2Fv2%2Fproduct%2F123365294282&#038;title=Viternum%20Complex%20%E2%80%93%20Suplemento%20Multivitam%C3%ADnico%20%2820%20C%C3%A1psulas%29%E2%80%8B\" style=\"font-size: 0px;width:32px;height:32px;margin:0;margin-bottom:5px;margin-right:5px\"><img data-recalc-dims=\"1\" loading=\"lazy\" decoding=\"async\" alt=\"linkedin\" title=\"Share on Linkedin\" class=\"synved-share-image synved-social-image synved-social-image-share\" width=\"32\" height=\"32\" style=\"display: inline;width:32px;height:32px;margin: 0;padding: 0;border: none;box-shadow: none\" src=\"https:\/\/i0.wp.com\/www.dominicanproductsshop.com\/shop\/wp-content\/plugins\/social-media-feather\/synved-social\/image\/social\/regular\/64x64\/linkedin.png?resize=32%2C32&#038;ssl=1\" \/><\/a><a class=\"synved-social-button synved-social-button-share synved-social-size-32 synved-social-resolution-single synved-social-provider-tumblr nolightbox\" data-provider=\"tumblr\" target=\"_blank\" rel=\"nofollow\" title=\"Share on tumblr\" href=\"https:\/\/tumblr.com\/share?s=&#038;v=3&#038;t=Viternum%20Complex%20%E2%80%93%20Suplemento%20Multivitam%C3%ADnico%20%2820%20C%C3%A1psulas%29%E2%80%8B&#038;u=https%3A%2F%2Fwww.dominicanproductsshop.com%2Fshop%2Fwp-json%2Fwp%2Fv2%2Fproduct%2F123365294282\" style=\"font-size: 0px;width:32px;height:32px;margin:0;margin-bottom:5px;margin-right:5px\"><img data-recalc-dims=\"1\" loading=\"lazy\" decoding=\"async\" alt=\"tumblr\" title=\"Share on tumblr\" class=\"synved-share-image synved-social-image synved-social-image-share\" width=\"32\" height=\"32\" style=\"display: inline;width:32px;height:32px;margin: 0;padding: 0;border: none;box-shadow: none\" src=\"https:\/\/i0.wp.com\/www.dominicanproductsshop.com\/shop\/wp-content\/plugins\/social-media-feather\/synved-social\/image\/social\/regular\/64x64\/tumblr.png?resize=32%2C32&#038;ssl=1\" \/><\/a><a class=\"synved-social-button synved-social-button-share synved-social-size-32 synved-social-resolution-single synved-social-provider-mail nolightbox\" data-provider=\"mail\" rel=\"nofollow\" title=\"Share by email\" href=\"mailto:?subject=Viternum%20Complex%20%E2%80%93%20Suplemento%20Multivitam%C3%ADnico%20%2820%20C%C3%A1psulas%29%E2%80%8B&#038;body=Hey%20check%20this%20out:%20https%3A%2F%2Fwww.dominicanproductsshop.com%2Fshop%2Fwp-json%2Fwp%2Fv2%2Fproduct%2F123365294282\" style=\"font-size: 0px;width:32px;height:32px;margin:0;margin-bottom:5px;margin-right:5px\"><img data-recalc-dims=\"1\" loading=\"lazy\" decoding=\"async\" alt=\"mail\" title=\"Share by email\" class=\"synved-share-image synved-social-image synved-social-image-share\" width=\"32\" height=\"32\" style=\"display: inline;width:32px;height:32px;margin: 0;padding: 0;border: none;box-shadow: none\" src=\"https:\/\/i0.wp.com\/www.dominicanproductsshop.com\/shop\/wp-content\/plugins\/social-media-feather\/synved-social\/image\/social\/regular\/64x64\/mail.png?resize=32%2C32&#038;ssl=1\" \/><\/a><a class=\"synved-social-credit\" target=\"_blank\" rel=\"nofollow\" title=\"WordPress Social Media Feather\" href=\"http:\/\/synved.com\/wordpress-social-media-feather\/\" style=\"color:#444;text-decoration:none;font-size:8px;margin-left:5px;vertical-align:10px;white-space:nowrap\"><span>by <\/span><img data-recalc-dims=\"1\" loading=\"lazy\" decoding=\"async\" style=\"display: inline;margin:0;padding:0;width:16px;height:16px\" width=\"16\" height=\"16\" alt=\"feather\" src=\"https:\/\/i0.wp.com\/www.dominicanproductsshop.com\/shop\/wp-content\/plugins\/social-media-feather\/synved-social\/image\/icon.png?resize=16%2C16&#038;ssl=1\" \/><\/a>","protected":false},"excerpt":{"rendered":"<p>Revitaliza tu Energ\u00eda y Bienestar con Viternum Complex\u200b Viternum Complex es un suplemento multi vitam\u00ednico dise\u00f1ado para estimular el apetito y combatir la anorexia en ni\u00f1os y adultos. Ideal para personas en recuperaci\u00f3n post-infecciosa, convalecencia o estados de debilidad general. Cada c\u00e1psula contiene una combinaci\u00f3n equilibrada de vitaminas esenciales que contribuyen a mejorar el estado &#8230; <span class=\"more\"><a class=\"more-link\" href=\"https:\/\/www.dominicanproductsshop.com\/shop\/product\/viternum-complex-20-capsulas\/\">[Read more&#8230;]<\/a><\/span><\/p>\n","protected":false},"featured_media":123365294283,"comment_status":"open","ping_status":"closed","template":"","meta":{"jetpack_post_was_ever_published":false,"jetpack_publicize_message":"","jetpack_publicize_feature_enabled":true,"jetpack_social_post_already_shared":true,"jetpack_social_options":{"image_generator_settings":{"template":"highway","default_image_id":0,"font":"","enabled":false},"version":2}},"product_brand":[],"product_cat":[416],"product_tag":[412,415,413,411,410],"woo-feed-brand":[],"class_list":{"0":"entry","1":"product","2":"publish","3":"author-admin","4":"post-123365294282","6":"has-post-thumbnail","7":"product_cat-viternum-complex","8":"product_post_tag-anorexia","9":"product_post_tag-dihexazina","10":"product_post_tag-estimulante-apetito","11":"product_post_tag-gelnorex-vita","12":"product_post_tag-viternum","14":"first","15":"instock","16":"sale","17":"shipping-taxable","18":"purchasable","19":"product-type-simple"},"aioseo_notices":[],"jetpack_publicize_connections":[],"jetpack_sharing_enabled":true,"jetpack-related-posts":[],"jetpack_likes_enabled":true,"post_mailing_queue_ids":[],"_links":{"self":[{"href":"https:\/\/www.dominicanproductsshop.com\/shop\/wp-json\/wp\/v2\/product\/123365294282","targetHints":{"allow":["GET"]}}],"collection":[{"href":"https:\/\/www.dominicanproductsshop.com\/shop\/wp-json\/wp\/v2\/product"}],"about":[{"href":"https:\/\/www.dominicanproductsshop.com\/shop\/wp-json\/wp\/v2\/types\/product"}],"replies":[{"embeddable":true,"href":"https:\/\/www.dominicanproductsshop.com\/shop\/wp-json\/wp\/v2\/comments?post=123365294282"}],"wp:featuredmedia":[{"embeddable":true,"href":"https:\/\/www.dominicanproductsshop.com\/shop\/wp-json\/wp\/v2\/media\/123365294283"}],"wp:attachment":[{"href":"https:\/\/www.dominicanproductsshop.com\/shop\/wp-json\/wp\/v2\/media?parent=123365294282"}],"wp:term":[{"taxonomy":"product_brand","embeddable":true,"href":"https:\/\/www.dominicanproductsshop.com\/shop\/wp-json\/wp\/v2\/product_brand?post=123365294282"},{"taxonomy":"product_cat","embeddable":true,"href":"https:\/\/www.dominicanproductsshop.com\/shop\/wp-json\/wp\/v2\/product_cat?post=123365294282"},{"taxonomy":"product_tag","embeddable":true,"href":"https:\/\/www.dominicanproductsshop.com\/shop\/wp-json\/wp\/v2\/product_tag?post=123365294282"},{"taxonomy":"woo-feed-brand","embeddable":true,"href":"https:\/\/www.dominicanproductsshop.com\/shop\/wp-json\/wp\/v2\/woo-feed-brand?post=123365294282"}],"curies":[{"name":"wp","href":"https:\/\/api.w.org\/{rel}","templated":true}]}}