{"id":113204378220,"date":"2018-09-13T21:29:03","date_gmt":"2018-09-14T01:29:03","guid":{"rendered":"https:\/\/www.dominicanproductsshop.com\/shop\/product\/3x-michelle-marie-skin-whitening-cream-magia-blanca-2-ozs-dominican-dark-spots\/"},"modified":"2026-04-11T08:45:24","modified_gmt":"2026-04-11T12:45:24","slug":"3x-michelle-marie-skin-whitening-cream-magia-blanca-2-ozs-dominican-dark-spots","status":"publish","type":"product","link":"https:\/\/www.dominicanproductsshop.com\/shop\/product\/3x-michelle-marie-skin-whitening-cream-magia-blanca-2-ozs-dominican-dark-spots\/","title":{"rendered":"3x Michelle Marie Skin whitening cream Magia blanca 2 ozs Dominican dark spots"},"content":{"rendered":"<p>Esta sorprendente crema es la soluci\u00f3n para aclarar su piel y librarla de pecas, manchas causadas por el embarazo y otras imperfecciones causadas por el sol. Apl\u00edquela antes de acostarse en las \u00e1reas requeridas. En caso de alergia suspenda la aplicaci\u00f3n<\/p>\n<p>Skin care moisturizing, whitening &amp; removing dark spots cream<\/p>\n<p>Helps to restore the skin&#8217;s natural moisturizer and strengthen the skin&#8217;s cells<\/p>\n<p>Your face will become whiter , smoother, and healthier<\/p>\n<p>Made in Dominican Republic by industries Portela<\/p>\n<p>\u2013 use for better results repeat these two easy steps 1 or 2 times a day.<\/p>\n<p>1- Wash your skin with santa soap<\/p>\n<p>2- Apply the cream massaging until it vanishes.<\/p>\n<p>&nbsp;<\/p>\n<p><em>What you get when you buy this item \/ Que obtiene cuando compra este articulo<\/em><\/p>\n<p>1-\u00a0 \u00a0 \u00a0 \u00a03\u00a0 Michelle Marie magia blanca 2.85 oz lightening cream\u00a0 \/ 3 cremas Michelle Marie de 2.85 oz<\/p>\n<p>2-\u00a0\u00a0\u00a0\u00a0\u00a0\u00a0A tracking code so you know every time where is your product \/ Un c\u00f3digo de rastreo para que siempre sepa d\u00f3nde est\u00e1 su producto<\/p>\n<p>3-\u00a0\u00a0\u00a0\u00a0\u00a0\u00a0The fastest handling time: we ship on the next bussiness day \/ El tiempo de manejo m\u00e1s r\u00e1pido, enviamos su producto en el pr\u00f3ximo d\u00eda laborable<\/p>\n<p>4-\u00a0\u00a0\u00a0\u00a0\u00a0\u00a0Professional packing: sealed products and careful packaging to protect \u00edtems \/ Empacado profesional: productos sellados y empaque cuidadoso para proteger sus art\u00edculos<\/p>\n<p>5-\u00a0\u00a0\u00a0\u00a0\u00a0\u00a0Original items from the Dominican Republic \/ Todos nuestros productos son originales de la Republica Dominicana<\/p>\n<p>6-\u00a0\u00a0\u00a0\u00a0\u00a0\u00a0Personal customer attention, you can contact us when you want \/ Atenci\u00f3n personalizada al cliente, puede contactarnos cuando desee a trav\u00e9s de nuestros diferentes v\u00edas de atenci\u00f3n<\/p>\n<p><em>Shipping time \/ Tiempo de entrega<\/em><\/p>\n<p>1-\u00a0\u00a0\u00a0\u00a0\u00a0\u00a0It usually ships in 3 weeks for \/ usualmente se env\u00eda en 3 semanas para\u00a0 USA y Canad\u00e1.<\/p>\n<p>2-\u00a0\u00a0\u00a0\u00a0\u00a0\u00a0It usually ships in 5 weeks for Europe, Japan and Brasil \/ Usualmente se envia en 5 semanas para Europa, Japon y Brasil<\/p>\n<p>3-\u00a0\u00a0\u00a0\u00a0\u00a0\u00a0Sometimes the customs of your country makes some inspections which can delay delivery, it is out of our hands \/ \u00a0Algunas veces las aduanas de su pa\u00eds hacen inspecciones de los paquetes y esto puede dilatar la entrega, esto escapa de nuestras manos y es un proceso normal<\/p>\n<p>&nbsp;<\/p>\n<a class=\"synved-social-button synved-social-button-share synved-social-size-32 synved-social-resolution-single synved-social-provider-facebook nolightbox\" data-provider=\"facebook\" target=\"_blank\" rel=\"nofollow\" title=\"Share on Facebook\" href=\"http:\/\/www.facebook.com\/sharer.php?u=https%3A%2F%2Fwww.dominicanproductsshop.com%2Fshop%2Fwp-json%2Fwp%2Fv2%2Fproduct%2F113204378220&#038;t=3x%20Michelle%20Marie%20Skin%20whitening%20cream%20Magia%20blanca%202%20ozs%20Dominican%20dark%20spots&#038;s=100&#038;p&#091;url&#093;=https%3A%2F%2Fwww.dominicanproductsshop.com%2Fshop%2Fwp-json%2Fwp%2Fv2%2Fproduct%2F113204378220&#038;p&#091;images&#093;&#091;0&#093;=https%3A%2F%2Fi0.wp.com%2Fwww.dominicanproductsshop.com%2Fshop%2Fwp-content%2Fuploads%2F2018%2F09%2F20170419_155858809-1.png%3Ffit%3D834%252C469%26ssl%3D1&#038;p&#091;title&#093;=3x%20Michelle%20Marie%20Skin%20whitening%20cream%20Magia%20blanca%202%20ozs%20Dominican%20dark%20spots\" style=\"font-size: 0px;width:32px;height:32px;margin:0;margin-bottom:5px;margin-right:5px\"><img data-recalc-dims=\"1\" loading=\"lazy\" decoding=\"async\" alt=\"Facebook\" title=\"Share on Facebook\" class=\"synved-share-image synved-social-image synved-social-image-share\" width=\"32\" height=\"32\" style=\"display: inline;width:32px;height:32px;margin: 0;padding: 0;border: none;box-shadow: none\" src=\"https:\/\/i0.wp.com\/www.dominicanproductsshop.com\/shop\/wp-content\/plugins\/social-media-feather\/synved-social\/image\/social\/regular\/64x64\/facebook.png?resize=32%2C32&#038;ssl=1\" \/><\/a><a class=\"synved-social-button synved-social-button-share synved-social-size-32 synved-social-resolution-single synved-social-provider-twitter nolightbox\" data-provider=\"twitter\" target=\"_blank\" rel=\"nofollow\" title=\"Share on Twitter\" href=\"http:\/\/twitter.com\/share?url=https%3A%2F%2Fwww.dominicanproductsshop.com%2Fshop%2Fwp-json%2Fwp%2Fv2%2Fproduct%2F113204378220&#038;text=Hey%20check%20this%20out\" style=\"font-size: 0px;width:32px;height:32px;margin:0;margin-bottom:5px;margin-right:5px\"><img data-recalc-dims=\"1\" loading=\"lazy\" decoding=\"async\" alt=\"twitter\" title=\"Share on Twitter\" class=\"synved-share-image synved-social-image synved-social-image-share\" width=\"32\" height=\"32\" style=\"display: inline;width:32px;height:32px;margin: 0;padding: 0;border: none;box-shadow: none\" src=\"https:\/\/i0.wp.com\/www.dominicanproductsshop.com\/shop\/wp-content\/plugins\/social-media-feather\/synved-social\/image\/social\/regular\/64x64\/twitter.png?resize=32%2C32&#038;ssl=1\" \/><\/a><a class=\"synved-social-button synved-social-button-share synved-social-size-32 synved-social-resolution-single synved-social-provider-reddit nolightbox\" data-provider=\"reddit\" target=\"_blank\" rel=\"nofollow\" title=\"Share on Reddit\" href=\"https:\/\/www.reddit.com\/submit?url=https%3A%2F%2Fwww.dominicanproductsshop.com%2Fshop%2Fwp-json%2Fwp%2Fv2%2Fproduct%2F113204378220&#038;title=3x%20Michelle%20Marie%20Skin%20whitening%20cream%20Magia%20blanca%202%20ozs%20Dominican%20dark%20spots\" style=\"font-size: 0px;width:32px;height:32px;margin:0;margin-bottom:5px;margin-right:5px\"><img data-recalc-dims=\"1\" loading=\"lazy\" decoding=\"async\" alt=\"reddit\" title=\"Share on Reddit\" class=\"synved-share-image synved-social-image synved-social-image-share\" width=\"32\" height=\"32\" style=\"display: inline;width:32px;height:32px;margin: 0;padding: 0;border: none;box-shadow: none\" src=\"https:\/\/i0.wp.com\/www.dominicanproductsshop.com\/shop\/wp-content\/plugins\/social-media-feather\/synved-social\/image\/social\/regular\/64x64\/reddit.png?resize=32%2C32&#038;ssl=1\" \/><\/a><a class=\"synved-social-button synved-social-button-share synved-social-size-32 synved-social-resolution-single synved-social-provider-pinterest nolightbox\" data-provider=\"pinterest\" target=\"_blank\" rel=\"nofollow\" title=\"Pin it with Pinterest\" href=\"https:\/\/pinterest.com\/pin\/create\/button\/?url=https%3A%2F%2Fwww.dominicanproductsshop.com%2Fshop%2Fwp-json%2Fwp%2Fv2%2Fproduct%2F113204378220&#038;media=https%3A%2F%2Fi0.wp.com%2Fwww.dominicanproductsshop.com%2Fshop%2Fwp-content%2Fuploads%2F2018%2F09%2F20170419_155858809-1.png%3Ffit%3D834%252C469%26ssl%3D1&#038;description=3x%20Michelle%20Marie%20Skin%20whitening%20cream%20Magia%20blanca%202%20ozs%20Dominican%20dark%20spots\" style=\"font-size: 0px;width:32px;height:32px;margin:0;margin-bottom:5px;margin-right:5px\"><img data-recalc-dims=\"1\" loading=\"lazy\" decoding=\"async\" alt=\"pinterest\" title=\"Pin it with Pinterest\" class=\"synved-share-image synved-social-image synved-social-image-share\" width=\"32\" height=\"32\" style=\"display: inline;width:32px;height:32px;margin: 0;padding: 0;border: none;box-shadow: none\" src=\"https:\/\/i0.wp.com\/www.dominicanproductsshop.com\/shop\/wp-content\/plugins\/social-media-feather\/synved-social\/image\/social\/regular\/64x64\/pinterest.png?resize=32%2C32&#038;ssl=1\" \/><\/a><a class=\"synved-social-button synved-social-button-share synved-social-size-32 synved-social-resolution-single synved-social-provider-linkedin nolightbox\" data-provider=\"linkedin\" target=\"_blank\" rel=\"nofollow\" title=\"Share on Linkedin\" href=\"https:\/\/www.linkedin.com\/shareArticle?mini=true&#038;url=https%3A%2F%2Fwww.dominicanproductsshop.com%2Fshop%2Fwp-json%2Fwp%2Fv2%2Fproduct%2F113204378220&#038;title=3x%20Michelle%20Marie%20Skin%20whitening%20cream%20Magia%20blanca%202%20ozs%20Dominican%20dark%20spots\" style=\"font-size: 0px;width:32px;height:32px;margin:0;margin-bottom:5px;margin-right:5px\"><img data-recalc-dims=\"1\" loading=\"lazy\" decoding=\"async\" alt=\"linkedin\" title=\"Share on Linkedin\" class=\"synved-share-image synved-social-image synved-social-image-share\" width=\"32\" height=\"32\" style=\"display: inline;width:32px;height:32px;margin: 0;padding: 0;border: none;box-shadow: none\" src=\"https:\/\/i0.wp.com\/www.dominicanproductsshop.com\/shop\/wp-content\/plugins\/social-media-feather\/synved-social\/image\/social\/regular\/64x64\/linkedin.png?resize=32%2C32&#038;ssl=1\" \/><\/a><a class=\"synved-social-button synved-social-button-share synved-social-size-32 synved-social-resolution-single synved-social-provider-tumblr nolightbox\" data-provider=\"tumblr\" target=\"_blank\" rel=\"nofollow\" title=\"Share on tumblr\" href=\"https:\/\/tumblr.com\/share?s=&#038;v=3&#038;t=3x%20Michelle%20Marie%20Skin%20whitening%20cream%20Magia%20blanca%202%20ozs%20Dominican%20dark%20spots&#038;u=https%3A%2F%2Fwww.dominicanproductsshop.com%2Fshop%2Fwp-json%2Fwp%2Fv2%2Fproduct%2F113204378220\" style=\"font-size: 0px;width:32px;height:32px;margin:0;margin-bottom:5px;margin-right:5px\"><img data-recalc-dims=\"1\" loading=\"lazy\" decoding=\"async\" alt=\"tumblr\" title=\"Share on tumblr\" class=\"synved-share-image synved-social-image synved-social-image-share\" width=\"32\" height=\"32\" style=\"display: inline;width:32px;height:32px;margin: 0;padding: 0;border: none;box-shadow: none\" src=\"https:\/\/i0.wp.com\/www.dominicanproductsshop.com\/shop\/wp-content\/plugins\/social-media-feather\/synved-social\/image\/social\/regular\/64x64\/tumblr.png?resize=32%2C32&#038;ssl=1\" \/><\/a><a class=\"synved-social-button synved-social-button-share synved-social-size-32 synved-social-resolution-single synved-social-provider-mail nolightbox\" data-provider=\"mail\" rel=\"nofollow\" title=\"Share by email\" href=\"mailto:?subject=3x%20Michelle%20Marie%20Skin%20whitening%20cream%20Magia%20blanca%202%20ozs%20Dominican%20dark%20spots&#038;body=Hey%20check%20this%20out:%20https%3A%2F%2Fwww.dominicanproductsshop.com%2Fshop%2Fwp-json%2Fwp%2Fv2%2Fproduct%2F113204378220\" style=\"font-size: 0px;width:32px;height:32px;margin:0;margin-bottom:5px;margin-right:5px\"><img data-recalc-dims=\"1\" loading=\"lazy\" decoding=\"async\" alt=\"mail\" title=\"Share by email\" class=\"synved-share-image synved-social-image synved-social-image-share\" width=\"32\" height=\"32\" style=\"display: inline;width:32px;height:32px;margin: 0;padding: 0;border: none;box-shadow: none\" src=\"https:\/\/i0.wp.com\/www.dominicanproductsshop.com\/shop\/wp-content\/plugins\/social-media-feather\/synved-social\/image\/social\/regular\/64x64\/mail.png?resize=32%2C32&#038;ssl=1\" \/><\/a><a class=\"synved-social-credit\" target=\"_blank\" rel=\"nofollow\" title=\"WordPress Social Media Feather\" href=\"http:\/\/synved.com\/wordpress-social-media-feather\/\" style=\"color:#444;text-decoration:none;font-size:8px;margin-left:5px;vertical-align:10px;white-space:nowrap\"><span>by <\/span><img data-recalc-dims=\"1\" loading=\"lazy\" decoding=\"async\" style=\"display: inline;margin:0;padding:0;width:16px;height:16px\" width=\"16\" height=\"16\" alt=\"feather\" src=\"https:\/\/i0.wp.com\/www.dominicanproductsshop.com\/shop\/wp-content\/plugins\/social-media-feather\/synved-social\/image\/icon.png?resize=16%2C16&#038;ssl=1\" \/><\/a>","protected":false},"excerpt":{"rendered":"<p>Esta sorprendente crema es la soluci\u00f3n para aclarar su piel y librarla de pecas, manchas causadas por el embarazo y otras imperfecciones causadas por el sol. Apl\u00edquela antes de acostarse en las \u00e1reas requeridas. En caso de alergia suspenda la aplicaci\u00f3n Skin care moisturizing, whitening &amp; removing dark spots cream Helps to restore the skin&#8217;s &#8230; <span class=\"more\"><a class=\"more-link\" href=\"https:\/\/www.dominicanproductsshop.com\/shop\/product\/3x-michelle-marie-skin-whitening-cream-magia-blanca-2-ozs-dominican-dark-spots\/\">[Read more&#8230;]<\/a><\/span><\/p>\n","protected":false},"featured_media":123365293310,"comment_status":"open","ping_status":"closed","template":"","meta":{"jetpack_post_was_ever_published":false,"jetpack_publicize_message":"","jetpack_publicize_feature_enabled":true,"jetpack_social_post_already_shared":true,"jetpack_social_options":{"image_generator_settings":{"template":"highway","default_image_id":0,"font":"","enabled":false},"version":2}},"product_brand":[],"product_cat":[275],"product_tag":[],"woo-feed-brand":[],"class_list":{"0":"entry","1":"product","2":"publish","3":"author-admin","4":"post-113204378220","6":"has-post-thumbnail","7":"product_cat-cremas-blanqueadoras","9":"first","10":"instock","11":"sale","12":"shipping-taxable","13":"purchasable","14":"product-type-simple"},"aioseo_notices":[],"jetpack_publicize_connections":[],"jetpack_sharing_enabled":true,"jetpack-related-posts":[],"jetpack_likes_enabled":true,"post_mailing_queue_ids":[],"_links":{"self":[{"href":"https:\/\/www.dominicanproductsshop.com\/shop\/wp-json\/wp\/v2\/product\/113204378220","targetHints":{"allow":["GET"]}}],"collection":[{"href":"https:\/\/www.dominicanproductsshop.com\/shop\/wp-json\/wp\/v2\/product"}],"about":[{"href":"https:\/\/www.dominicanproductsshop.com\/shop\/wp-json\/wp\/v2\/types\/product"}],"replies":[{"embeddable":true,"href":"https:\/\/www.dominicanproductsshop.com\/shop\/wp-json\/wp\/v2\/comments?post=113204378220"}],"wp:featuredmedia":[{"embeddable":true,"href":"https:\/\/www.dominicanproductsshop.com\/shop\/wp-json\/wp\/v2\/media\/123365293310"}],"wp:attachment":[{"href":"https:\/\/www.dominicanproductsshop.com\/shop\/wp-json\/wp\/v2\/media?parent=113204378220"}],"wp:term":[{"taxonomy":"product_brand","embeddable":true,"href":"https:\/\/www.dominicanproductsshop.com\/shop\/wp-json\/wp\/v2\/product_brand?post=113204378220"},{"taxonomy":"product_cat","embeddable":true,"href":"https:\/\/www.dominicanproductsshop.com\/shop\/wp-json\/wp\/v2\/product_cat?post=113204378220"},{"taxonomy":"product_tag","embeddable":true,"href":"https:\/\/www.dominicanproductsshop.com\/shop\/wp-json\/wp\/v2\/product_tag?post=113204378220"},{"taxonomy":"woo-feed-brand","embeddable":true,"href":"https:\/\/www.dominicanproductsshop.com\/shop\/wp-json\/wp\/v2\/woo-feed-brand?post=113204378220"}],"curies":[{"name":"wp","href":"https:\/\/api.w.org\/{rel}","templated":true}]}}